late 7 + (-1 - (6 + -6)).
6
What is -5 + 7 - (5 + -2)?
-1
Calculate (11 - (-4 + 8)) + 1 + -4.
4
Evaluate -4 - 1 - (-3 + -5 + 9).
-6
Evaluate 4 - ((-1 - -4 - 0) + 6).
-5
0 + (-1 - (0 + -7 + 1))
5
Calculate 3 - (1 - 6) - 4.
4
Evaluate 3 + -6 + (0 - -3) + 2.
2
(1 - (15 - 8)) + 6
0
Evaluate -4 - (1 - 2) - 1.
-4
Calculate 10 + (-7 - -2) + 0.
5
Calculate 0 + (-6 + 6 - -6) - 6.
0
What is the value of 1 + -7 - -7 - 6?
-5
What is (0 - 1) + (0 - -2 - 0)?
1
(3 + 0 - 5) + -6
-8
What is the value of 6 + 8 + (-3 - (11 - 6))?
6
Evaluate 5 - 6 - 5 - -4.
-2
Evaluate (7 - (0 + (-3 - -8))) + -9.
-7
Evaluate 15 + -16 + (-2 - -8 - 2).
3
Evaluate -7 - -11 - (-5 - (-4 - 0)).
5
What is -1 + 0 + (-13 - (-14 + 7))?
-7
-3 + 3 + 1 + -5
-4
What is 1 + (8 - (4 + -1)) - -2?
8
-4 - (-3 + 3 + 1 + -6)
1
Evaluate -9 + -2 + 17 - 7.
-1
What is the value of -10 - (3 + 6 + -15)?
-4
Evaluate 3 - (6 - 2 - 0).
-1
-53 + 44 - (-1 - 5)
-3
What is the value of (-1 - (-4 - (1 + 0))) + 0?
4
What is the value of (4 - 0 - 8) + 7?
3
Calculate -18 + 12 + (1 - (-15 + 5)).
5
What is -2 - (0 + (0 - 4 - -4))?
-2
Evaluate -1 + (-2 - 9 - -9).
-3
Calculate (2 - (3 + 2)) + 7.
4
What is the value of 3 + -9 + 4 - -4?
2
Evaluate 0 + -3 + 9 + 3 + -14.
-5
9 + -12 - -6 - (8 - 0)
-5
(-11 + 12 - (5 + -1)) + 2
-1
-19 + 18 + (-1 - -1 - -3)
2
What is 0 + (-3 - (-6 - -3)) + 0?
0
What is the value of -14 + 17 - (3 + 1)?
-1
What is the value of 1 + -2 + -4 + 3?
-2
What is 2 + -2 + 6 + -9?
-3
Evaluate 7 + -4 - (-4 + 9 - 7).
5
Calculate (4 - (0 + 1)) + (250 - 259).
-6
What is 5 - (4 - 0) - 9?
-8
(8 - -5) + (-36 - -29)
6
8 + (13 - 22) - -2
1
Evaluate -11 - (14 - (10 + 4)).
-11
Calculate 2 + (3 - 0) + (74 - 80).
-1
Calculate -5 - 2 - ((-1 - 5) + -1).
0
Evaluate (6 - (-3 + 4)) + -5.
0
What is the value of 7 + (-10 - (3 + -4))?
-2
3 + (-2 + 3 - 3)
1
Evaluate -8 - ((8 - 1 - 6) + -1).
-8
Evaluate 3 + 0 + 5 - 14.
-6
What is -18 + 16 - (-1 - -1)?
-2
Calculate 23 - 21 - (11 + 0).
-9
(-13 + 1 - -12) + -5 + 1
-4
What is -1 + (10 - 5) + 1?
5
2 - ((6 - -4 - 5) + 3)
-6
2 + (-1 - 1) - -1
1
(4 - 0) + -11 + 5 - -5
3
What is -2 - (-3 - -2) - 2?
-3
7 - (-3 + (-6 - -7) + 4)
5
(48 - 35) + -11 + 0
2
What is (11 - 15) + (2 - -4) + -1?
1
Evaluate 4 + (20 - 18 - (7 + 1)).
-2
Calculate 0 + (1 - 9 - -3) - -1.
-4
Evaluate -1 + 5 - 2 - (-1 + 4).
-1
1 + 4 - (-19 + -2 + 28)
-2
7 + -1 - ((2 - 2) + 10)
-4
(0 - 0) + -4 + 4
0
What is the value of 40 + -51 + (4 - 0)?
-7
0 - (-2 + 12) - (-32 + 28)
-6
Calculate (4 - 5) + -2 - -3.
0
Calculate -3 - (-1 + 1 + 1 + 0).
-4
-5 + 1 + 5 + -2
-1
-4 + (3 + (0 - 0) - -4)
3
Calculate 2 + 0 + -2 + (0 - 0).
0
What is -1 + 2 - 1 - (-4 - -4)?
0
What is (1 + 8 - 11) + 0?
-2
What is (2 - (8 - 4)) + 2?
0
(8 - -2) + -10 + 2
2
Calculate 1 - (1 + -5) - 9.
-4
-5 + 7 + (5 - (21 + -8))
-6
What is the value of -2 + 4 + (-4 - -3)?
1
Evaluate (14 - 9) + (-2 - -3) + -2.
4
2 + 0 + 10 + 4 + -9
7
Calculate -52 + 59 - (9 - 0).
-2
What is the value of 2 - (7 + (-9 - -3) - 1)?
2
What is the value of -5 - (-11 + 24 + -15)?
-3
What is the value of 71 - 79 - (2 - -1 - 10)?
-1
What is (-6 - -1) + 29 + -26?
-2
What is (21 - 21) + (0 - 0 - 0)?
0
Evaluate -3 + (7 - 1) + -1 - 2.
0
What is the value of -2 - (0 - 2) - (0 - 0)?
0
-9 + (5 - (5 - 4))
-5
Evaluate -8 + 7 + 4 - 7.
-4
What is -4 + 4 + 4 + (-7 - -3)?
0
What is the value of -5 - ((3 - 2) + -3) - -5?
2
What is -1 - (-10 + 12) - (0 + 2)?
-5
-7 + (-8 - (-4 - 5))
-6
What is the value of (15 - (-10 + 23)) + -4?
-2
Calculate 2 - 4 - 1 - (-4 + 4).
-3
What is the value of -1 + 4 - (-70 + 78)?
-5
Evaluate (4 - (4 + -3 - -4)) + 6.
5
What is the value of -3 + (4 - 2) + 5?
4
Calculate -2 + -1 + (14 - 9) - 4.
-2
What is the value of -5 + -7 + 12 + 1 + -7?
-6
What is the value of (-1 - 0) + (-6 - (-7 + -4))?
4
What is -1 + 3 + (10 - 15)?
-3
1 + -2 + (-28 - -27)
-2
Calculate 0 + (-7 - -18 - -1 - 6).
6
What is 1 + (-2 - (6 - 3))?
-4
What is -6 - (4 - (11 + 3))?
4
What is the value of (-3 + -3 - (-8 + -5)) + -13?
-6
14 - (10 + -17 - -13)
8
Calculate 1 + (4 + -1 + 1 - 8).
-3
What is the value of 7 - ((9 - 3) + 6)?
-5
1 + 1 - (-1 - -2 - -1)
0
What is 0 + 1 + 1 + (5 - 4)?
3
What is 0 + -2 + 5 + 3?
6
What is 34 + -34 + 1 + 2?
3
1 + 1 + 1 + 0 - -1
4
5 - 9 - -9 - 2
3
Calculate -1 - ((2 - 10) + (3 - 2)).
6
What is -3 - (3 + (12 - 15))?
-3
Calculate -3 + (0 - -1 - 3).
-5
Evaluate 6 - (-1 + 7 + -2).
2
0 - (-5 - -16) - -10
-1
What is -1 + -9 + (-2 - -7)?
-5
What is the value of 22 + (9 - 26) + 3?
8
(-4 - (-5 + 1)) + -2
-2
(2 + -1 - -3) + 1 - 4
1
What is the value of -2 + -1 - (1 + -2 + -2)?
0
Evaluate -1 - (-9 + -1 + 9).
0
-6 + 10 + -4 + -3
-3
Calculate -1 - (3 + -5 + 4).
-3
Calculate -2 - -2 - ((4 - 2) + -7).
5
Calculate (-1 - (1 + 5)) + (21 - 20).
-6
What is (0 - -2) + 1 + -31 + 30?
2
What is the value of 5 + -5 + 2 - 1?
1
What is (6 - 25) + 16 + (-1 - -5)?
1
Calculate 0 - -7 - 2 - -1.
6
What is 9 + -9 - (-1 - 2)?
3
Calculate 4 + (-5 - 3) + 7.
3
Calculate 1 + -7 - (-10 + (-9 - -16)).
-3
33 + -31 - (5 - -1)
-4
Calculate (-3 - (3 + -2)) + 0.
-4
Evaluate 2 + (1 - 0) + 0.
3
Calculate 2 + -1 + -10 + -6 + 14.
-1
What is the value of -1 + 2 + -6 + 3?
-2
-56 + 48 - (2 + -2)
-8
-1 + 2 - -1 - (3 - 2)
1
1 - 5 - (6 + -4 + -3)
-3
Calculate 1 - ((7 - 5) + 6).
-7
What is 28 - 24 - (1 + 8)?
-5
What is the value of -1 + 3 + -3 + (4 - 3)?
0
Evaluate -8 + (0 - (-2 + -7)).
1
What is the value of -1 - (9 - (-2 + 6))?
-6
-3 - (2 + -3 + -2 - 2)
2
-5 + 3 + -5 + 8
1
What is (3 - 2) + (0 - 4 - -4)?
1
(22 - 21) + (4 - 0)
5
Evaluate 8 + -14 + 3 + 2.
-1
3 - (0 - -6 - 4)
1
Calculate -5 - ((-8 - -1) + (4 - 0)).
-2
(-2 + 0 - 1) + 2 - -3
2
What is the value of 7 - (3 + -5 + 4)?
5
Evaluate 7 + 0 + -5 + 1.
3
Calculate -10 + -5 - (-6 + 3 + -3).
-9
What is the value of (30 - 19) + (-2 - 4)?
5
(-2 - (0 - 0)) + -5 + 4
-3
Calculate -7 + (8 - (6 + (0 - 0))).
-5
What is 4 + -3 - (-16 - -20)?
-3
Calculate 4 - (-9 - (-11 + 5)).
7
Calculate 96 - 97 - (-10 + 0).
9
Calculate -6 - -7 - (0 - 0).
1
What is (-4 - (-3 - 7)) + -11?
-5
(-7 + 4 + -3 - -4) + 3
1
What is the value of -1 + 8 + 3 + -5?
5
2 + -3 + 7 + 4 + -8
2
13 - (5 + 8 + -4)
4
Calculate -11 + 4 + 4 - 3.
-6
Calculate -3 + (5 - (0 + 5)).
-3
Evaluate -3 + 3 + (13 - 19).
-6
What is 12 + -9 + 1 + -5?
-1
What is (1 - 3) + 0 + 0 + 1?
-1
Calculate 9 + -10 - (1 - (3 - 6)).
-5
11 + -9 + -1 + 2
3
What is 2 + (-13 + -6 - -14)?
-3
What is the value of (-4 - -1 - -1) + 1 + 3?
2
Evaluate 1 - (8 + -7 - (4 - 0)).
4
Evaluate 4 + 1 + 2 + -7 + 5.
5
What is (-4 - -1 - (55 - 60)) + 5?
7
Evaluate (-5 - -1) + 2 - (3 - 1).
-4
What is the value of 6 - (5 - (-3 + 4))?
2
Calculate -5 + 0 - (-11 + 6).
0
Evaluate -62 + 56 - (1 + -7 + 1).
-1
What is (-2 - -4) + -7 - 0?
-5
-7 + 2 + (2 - -1)
-2
0 + -9 + (10 - -6)
7
(0 - 1 - 3) + 6
2
What is the value of -8 + 0 - (-4 - -2) - -4?
-2
What is -9 + 8 - (1 - 1)?
-1
What is -5 + (2 - 2 - -1)?
-4
What is (-3 - 2) + (3 - 3)?
-5
9 + -8 + -1 - 5
-5
Evaluate (12 - 29 - -32) + -7 + 0.
8
Calculate (121 - 135) + 1 + 9.
-4
What is the value of -14 + (18 - 21 - (2 - 10))?
-9
What is -11 + (-14 - -19) + 1 + 0?
-5
Evaluate 4 - (2 + (7 - 4) + -3).
2
What is the value of 8 + -11 - (5 - 2)?
-6
0 + 6 + 0 + -4 + 1
3
2 + -6 + (0 - 0)
-4
What is -1 + -6 + 5 - (-1 + 1)?
-2
What is 6 + -9 + 9 - (1 - -10)?
-5
3 - (-3 + 3 + 5 + -7)
5
What is the value of 2 + 4 - 3 - 1 - -4?
6
What is (1 - 19) + (8 - 6) - -6?
-10
Evaluate 0 + 0 + 3 - (3 + 1).
-1
What is the value of 5 - (-1 + (-1 - -1)) - 6?
0
What is 4 + 2 + -4 + -2?
0
0 + 1 - (-5 - (-10 + 6))
2
Calculate -4 + (-5 - (-8 + -2)) + 6.
7
What is the value of 0 + -4 + 5 + -2 + 3?
2
Calculate -2 + 3 + -3 - -8 - 2.
4
Calculate (-25 - -24) + 0 + 5.
4
What is the value of -3 + 5 + 1 + -7?
-4
-4 - (-8 - (-3 + -1)) - 0
0
Evaluate -2 + (4 + -2 - -2).
2
Evaluate (4 - -8) + (13 - 24).
1
What is the value of (11 - 3) + -1 - 1 - 7?
-1
Evaluate 3 - (-5 - (-5 - -1)).
4
What is 2 - (4 + 3) - 0?
-5
What is -7 - -12 - (3 + -3)?
5
What is the value of 0 + -3 + -112 + 121?
6
2 - -2 - (24 + -23)
3
(1 - 1) + 1 + -3
-2
Evaluate (4 - 1) + (0 - 1).
2
What is 0 + -5 + (12 - 12)?
-5
What is -3 - (6 - (3 + 2))?
-4
Calculate 25 + -30 - (0 - 6) - -5.
6
Calculate 3 + (4 - -2) + -11.
-2
4 + (-5 + -3 + 3 - 2)
-3
Calculate 4 + -9 - -5 - -9 - 1.
8
What is (-1 - 5) + (3 - -2) + 1?
0
Evaluate 5 - (-2 +